rs of b.
3
Let c(s) = 58*s**2 + 3*s - 17. List the prime factors of c(3).
2, 257
Suppose -3*r + 4 = 4*t, 3*t + 7*r = 4*r + 3. Let y = t + 2. Suppose -3*u + 1 - 4 = 0, y*u + 88 = 5*a. List the prime factors of a.
17
Let i(p) = 2*p**2 + 4*p - 3. Let l(g) = -g**2 - 4*g + 3. Let j be l(-3). Suppose c - j = -2*c. What are the prime factors of i(c)?
13
Suppose -11768 = -4*b + 5*n, 0 = -9*b + 8*b + 3*n + 2935. What are the prime factors of b?
7, 421
Let m = 276 + -141. Suppose 9*d - m = 4*d. Suppose -i - d = -4*i. What are the prime factors of i?
3
Let o(t) = -20*t**3 + 3. Let d be o(-2). Let f = d + -113. What are the prime factors of f?
2, 5
Let c be (1 - -543) + -6*14/21. Suppose c = 2*s - 5*t, -s + 6*t - 11*t + 285 = 0. List the prime factors of s.
5, 11
Suppose 2*y + 2*m + 134 = -172, y + 165 = 5*m. Let b = y + 236. What are the prime factors of b?
3
Let g be (-4)/8*(-16)/2. Let n(k) = -k**2 - 2*k + 3. Let v be n(-3). Suppose -22 = -f + u - v*u, 5*u = -g*f + 106. What are the prime factors of f?
2, 3
Suppose d - 145 = -35. Suppose 7 - 19 = -2*n. Suppose -n*z = -z - d. List the prime factors of z.
2, 11
Let l be 6*(-304)/6*1/(-2). Let p(w) = -2*w**3 + 4*w**2 - 4*w - 2. Let x be p(4). Let i = l + x. List the prime factors of i.
2, 5, 7
Suppose r + 11*r = 4296. What are the prime factors of r?
2, 179
Let d(c) = c**3 + 27*c**2 - 27*c - 91. List the prime factors of d(-26).
3, 11, 13
Suppose -22 - 19 = -4*b + 5*r, 4*b + 4*r + 4 = 0. What are the prime factors of (-1)/b - (-1620)/16?
101
Let n be 4/24*2*9. Suppose 4*m - 3 = -3*u + n, 8 = 4*u + 5*m. Suppose -r = u*r - 72. List the prime factors of r.
2, 3
Let g(u) be the third derivative of -u**4/8 + u**3/6 + 5*u**2. Let m be g(-1). What are the prime factors of (6/m)/(9/108)?
2, 3
Let h be (-16)/(-6)*24/(-16). Let j be (-9)/(-18) + (-2)/h. What are the prime factors of 0 - ((-55 - j) + -2)?
2, 29
Suppose -f + 20 = -n + 3*f, 0 = 3*n + 2*f - 10. Suppose -2*i + 6 = -n*i. What are the prime factors of i?
3
What are the prime factors of (-4)/(-22) + 264924/363?
2, 5, 73
Suppose 4*p - 10 = 2*b - 8, -5*p = 2*b - 16. Suppose 4*z + 2 = -4*a - 2, 0 = -z - 3. List the prime factors of (16 + -9)/(p/a).
7
Let b(i) = -95*i + 12. Let a be b(3). Let j = -145 - a. What are the prime factors of j?
2
List the prime factors of (-1 - 1984)/(-5) - (-8 - -13).
2, 7
Suppose 0 = -3*l + 5*p - 24, 0*l - 3*l = 5*p + 24. What are the prime factors of (-22)/l - 5/(-20)?
3
Suppose 4*o - a + 3 = 0, -5*o - a = -3*a + 6. Suppose -q - 63 = 4*l, -2*l + 3*q + 77 = -7*l. Let d = o - l. List the prime factors of d.
2
Let a be (-9 - -3 - 3)/(-1 - 0). What are the prime factors of a/6*(8 + -3 - -1)?
3
Suppose -u - 7 + 3 = 0, -3*u = -2*d + 20. Suppose -3*a - 62 - 3 = -w, 2*w - 130 = -d*a. What are the prime factors of w?
5, 13
Suppose -j + 13 = 2*o, -o + 5 = -2*j + 3*j. Suppose 4*u + 0*r + 3*r = 4, 3*u = -r + o. What are the prime factors of -38*(u - (-11)/(-2))?
3, 19
Let s = -4441 + 3139. What are the prime factors of 0 - s/15 - 3/(-15)?
3, 29
Suppose -18603 - 3789 = -12*d. List the prime factors of d.
2, 3, 311
Let n(g) = 15*g - 36. List the prime factors of n(10).
2, 3, 19
Suppose -16*q + 64152 = 7032. List the prime factors of q.
2, 3, 5, 7, 17
List the prime factors of ((-1176)/252)/((-4)/438) - 5.
2, 11, 23
Suppose -3*q - 4*y = -2*q - 17, -5*q + 3*y = 7. List the prime factors of 4 + -4 + 3 + (35 - q).
37
Let y = -157 + 108. Let k be -2 - 3/((-15)/515). Let g = y + k. What are the prime factors of g?
2, 13
Let x(i) = -2*i + 18. Let k = 16 + -29. What are the prime factors of x(k)?
2, 11
Suppose -31*g = 20*g - 57324. List the prime factors of g.
2, 281
Suppose -2*c + 4*y = -0*c + 10, 5*y - 14 = 2*c. List the prime factors of -1 + -2 + 52 - c.
2, 23
Suppose 7*n - 1156 = 3*n. Suppose -4*s + 491 = -4*a - 245, 5*a + 359 = 2*s. Suppose 7*t - n = s. List the prime factors of t.
2, 17
Suppose 0 = -5*m + 5*a + 3365 + 11775, -3*a = m - 3024. What are the prime factors of m?
3, 1009
Let r(y) = -34*y + 3. Suppose 8 = 3*l + l. Let n be r(l). List the prime factors of ((-16)/20)/(1/n).
2, 13
Let w(y) be the first derivative of y**4/4 - 14*y**3/3 + 3*y**2/2 - 17*y - 11. List the prime factors of w(14).
5
Suppose 19*f + 4605 - 16917 = 0. Suppose 62*r - f = 58*r. What are the prime factors of r?
2, 3
Let h(s) = -23*s**3 - 4*s**2 - 45*s - 195. What are the prime factors of h(-4)?
7, 199
Let s be 12/28 + 1660/14. Suppose 5*v + s = 2*o + 3, 0 = 2*v - 4. List the prime factors of o.
3, 7
Let p be -23 + 20 - (-92 + -1). Suppose -6 = 2*w, -p + 349 = 5*t - 3*w. What are the prime factors of t?
2, 5
Suppose -16*n - 4480 = -21*n. Suppose 0 = -5*a + x + n, -884 = -a - 4*a + 4*x. List the prime factors of a.
2, 3, 5
Let h be (-154)/(-4) - (-4)/(-8). Let z = 73 - h. What are the prime factors of z?
5, 7
Let m be (19/(-3))/(2/(-18)). Let n = m + 25. What are the prime factors of n?
2, 41
Let w(n) be the third derivative of n**5/60 - n**4/24 - n**3/2 - 9*n**2. List the prime factors of w(-7).
53
Suppose 0 = -2*u - 3*d + 2386, -3*u - 7*d + 6*d = -3579. List the prime factors of u.
1193
Let u be 2/(1/((-1)/(-2))). List the prime factors of ((-1256)/4*u)/(-2).
157
Let c(r) = r**2 + 16*r - 28. Let u be c(-20). Let n = u - -26. List the prime factors of n.
2, 3, 13
Let l = 61 + 281. What are the prime factors of l?
2, 3, 19
Suppose 11260 = 7*y - 8445. What are the prime factors of y?
5, 563
Let b(i) = -7*i**2 - 10*i + 12. Let x(k) = -6*k**2 - 9*k + 11. Let q(g) = 2*b(g) - 3*x(g). Let m be q(7). What are the prime factors of ((-9)/18)/((-2)/m)?
59
Let d = 34 - -4. Suppose -r - r = 3*t - d, -3*t + 70 = 4*r. Suppose -r = 6*s - 7*s. List the prime factors of s.
2
Suppose 351 = 7*n - 6. List the prime factors of 0 + 3 + 0 + 0 + n.
2, 3
Let x be (6 + -3)/(6/(-4)) + 2. Suppose 4*l + l - 330 = x. List the prime factors of l.
2, 3, 11
Let j be -3 + (2 - -2) + 7. Let u(y) = -y**2 + 10*y + 22. What are the prime factors of u(j)?
2, 19
Let m = 21 + -3. Let l = -16 + m. Suppose l*f + 3*f = 45. What are the prime factors of f?
3
Suppose -20*k = -23 - 57. List the prime factors of (736/40)/(k/30).
2, 3, 23
Suppose 18299 = -21*a + 93353. List the prime factors of a.
2, 1787
Suppose b - 2*b + 3 = o, -4*o = b - 21. Suppose 3*q = o*q - 9. Suppose -q*c + 132 = -s + 4*s, 0 = -4*s - 4. List the prime factors of c.
3, 5
Suppose 0 = 4*n - 16, -4*u + 4*n + 2591 = -2309. List the prime factors of u.
1229
Suppose 9*c - 4 = 68. Suppose 516 = c*o - 556. List the prime factors of o.
2, 67
Suppose 2 = 10*k - 8*k, -f + 726 = -3*k. List the prime factors of f.
3
Suppose 2*s - 7 - 1 = 0. Suppose 4*d + 4*n = 116, 4*d - 2*n + 0*n = 128. Suppose s*x - 89 - d = 0. What are the prime factors of x?
2, 3, 5
Let v be 2/8*10*(57 + -17). Let b = v + 39. What are the prime factors of b?
139
Let a be ((-4)/7)/(-2)*7 - -12. Suppose 0*o + o - a = -4*n, -3*o - 3*n = -24. What are the prime factors of o?
2, 3
Let u(z) = 21*z + 6. Let g(o) = 4*o + 1. Let s(j) = -11*g(j) + 2*u(j). Let d be s(2). What are the prime factors of (-5 + 2 - -37) + d?
31
Let x = -1034 - -1428. What are the prime factors of x?
2, 197
Let o(n) = 6*n**2 + 5*n + 7. What are the prime factors of o(6)?
11, 23
Suppose -7*h + 3*h + 4*g = -12, 0 = -h + 4*g + 12. Let m be (-1 + 7)/(0 + 2). Suppose 3*k - 5 - 4 = h, 5*s + m*k = 139. What are the prime factors of s?
2, 13
Let y(t) = t**2 - 12*t + 2. Let r be y(13). Suppose -r*a = -905 - 1795. What are the prime factors of a?
2, 3, 5
Let y = -2959 + 4355. List the prime factors of y.
2, 349
Suppose 3*j - 3 = 3. Let c(w) = w**3 + 7*w**2 + 6*w + 3. Let z be c(-6). Suppose j*k - 5 = z. What are the prime factors of k?
2
Let y be (-104)/(-39)*21/(-4). Let p(a) = 2*a**2 + 14*a - 15. List the prime factors of p(y).
181
Let x be (-6)/4*(-532)/57. What are the prime factors of ((-230)/24 + x/42)*-4?
37
Suppose -4*d = -4*x + 512, -8 - 112 = -x - d. What are the prime factors of x?
2, 31
Let b = 22 + -14. Suppose d + 3*d + b = 0. List the prime factors of (3/d)/((-10)/140).
3, 7
Suppose 0*d + 15 = 5*d. List the prime factors of 77 + 2 - 1 - d.
3, 5
Suppose -70 = -3*t + 44. What are the prime factors of t?
2, 19
Let f = 16 - 15. Let r be -37 + (7/f - 4). What are the prime factors of ((-18)/9)/(4/r)?
17
Suppose 12*